) = -37*o(l) - 6*q(l). Is w(-1) composite?
True
Let h = 18 + -26. Is (-34)/(h/(-5) + -2) a composite number?
True
Let y be -2*-101*(-2 - -3). Let l = y + -128. Is l composite?
True
Let q(l) = 7*l - l**2 + 2*l**2 + l**2 - 10. Let v be (2 - 11)/1*1. Is q(v) a prime number?
True
Let l(d) = 2*d**3 - 2*d**2 + 1. Let q be l(2). Suppose 4*j - b - 2*b = -q, 5*j - 6 = -2*b. Suppose j = 2*h + 3*h - 295. Is h a composite number?
False
Let k(t) = -3 - 3 + 11*t - 2. Is k(7) a prime number?
False
Let r(w) = 16*w - 3. Let b be r(3). Suppose b = -4*j - 131. Let i = j - -77. Is i composite?
True
Suppose 0 = -3*m - 0*m + 5*t + 88, -4*m + 100 = 2*t. Is m a prime number?
False
Suppose 2*c + c - 6 = 0. Suppose -80 = -c*t + 26. Suppose -5*d + 4*j - t = -486, 0 = -d - 3*j + 98. Is d a composite number?
False
Let l(f) = f**3 + 11*f**2 + 4*f - 7. Is l(-5) composite?
True
Let q(i) = 30*i**2 - 7*i + 11. Let a be q(8). Is a/21 - 2/7 prime?
True
Let r = 2 - 1. Let d be (0 - -2)/(1 + r). Is (2/6)/(d/237) a prime number?
True
Suppose -2*l - 64 = -3*l. Suppose l + 101 = 3*n. Is n composite?
True
Is 8/(-2) - (-135 - -8) composite?
True
Let q(u) = -u + 1. Let t(g) = -19*g + 14. Let j(c) = 3*q(c) - t(c). Is j(10) a composite number?
False
Suppose -u = u. Suppose u = 4*t - 9*t + 265. Is t a prime number?
True
Let x(v) = -22*v + 6. Let r be x(-5). Let m = r - 79. Is m prime?
True
Suppose 448 = 2*x - 310. Is x prime?
True
Let b(x) = -x + 12. Let j be b(9). Suppose 0 = -5*d + 2*f + 109 + 324, 5*d - 413 = -j*f. Is d prime?
False
Let w(s) = -s**3 + 12*s**2 - 12*s + 15. Let p be (1 - -1) + -3 - -3. Suppose -2*l + p = 0, -d + 4*d - 3*l = 27. Is w(d) composite?
True
Let h(g) = 3*g**2 - 7*g + 11. Is h(6) prime?
False
Suppose -2*r = -6*r + 16. Suppose r*w + w - 45 = 0. Let t(q) = 3*q - 12. Is t(w) prime?
False
Let y(s) = s**3 - 4*s**2 + 2*s + 1. Let u be y(4). Let k(m) = 7*m + 3. Let p be k(11). Suppose 0 = 3*r + h - p, -r + 23 = 3*h - u. Is r composite?
True
Suppose -4*g = i + 34, i + 18 = -0*i + 4*g. Is i/(-10) + (-16)/(-40) a composite number?
False
Let x(o) = -o**3 - 6*o**2 - 4*o + 7. Let s be x(-5). Suppose s*f = -5*a + 21, 3*a - a + f - 9 = 0. Suppose 3*p + v - 607 = 0, a*v - v + 4 = 0. Is p composite?
True
Suppose 7 = 2*s - 1. Suppose -b - 3*l + 33 = -8*l, 32 = s*b + 5*l. Let c = -11 + b. Is c prime?
True
Let d = 525 + -314. Is d composite?
False
Suppose 0 = 3*c - 27 - 894. Is c prime?
True
Suppose 3*b - 2*p = 10, 0*b + 5*p + 14 = 2*b. Suppose 60 - 22 = 3*o - b*n, -o + 18 = 2*n. Is o composite?
True
Suppose 3*p + 245 = -5*f, 3*f - 5*f + 3*p = 98. Let t(a) = 496*a**2. Let q be t(2). Is q/14 - 14/f a prime number?
False
Let r(w) be the second derivative of w**6/360 + 7*w**5/120 + w**4/6 - w. Let l(p) be the third derivative of r(p). Is l(6) a composite number?
False
Suppose 2*c = 5*i + 426, 2*c + 2*c - 852 = i. Is c prime?
False
Suppose 8*x = x + 9527. Is x a composite number?
False
Suppose -b = 2*b. Suppose b = 5*z + 2*z - 3395. Is z a prime number?
False
Let z = 3 + -6. Let v = z - -7. Is (148/(-6))/(v/(-6)) a prime number?
True
Suppose -4*m - 3887 = -j, 3*j = 8*j + 5*m - 19510. Is j composite?
True
Suppose 5*h = 10*h - 20. Suppose -3*m - 211 = -h*m. Is m composite?
False
Suppose -o = -0*o - 11. Suppose 2*q - 20 - 33 = -5*c, -o = c - 5*q. Is c composite?
True
Let j(g) = -g**3 + 3*g**2 + 5*g. Let x be j(4). Is (1 - 2)/(x/(-436)) a prime number?
True
Suppose 5*l - 1975 = 5050. Is l composite?
True
Let x = -193 - -350. Is x composite?
False
Let a = -39 + 142. Is a composite?
False
Is -19*2*(-102)/12 a prime number?
False
Suppose 3*q + 385 = -2*q. Let k = q + 172. Is k a composite number?
True
Let p(n) = -n**3 + 5*n**2 - 4*n - 1. Let x be p(3). Suppose 4*v + 3*g = -v + 52, -24 = -x*v + 4*g. Suppose v*q = 3*q + 125. Is q a prime number?
False
Suppose 2*g - 113 - 389 = 0. Is g prime?
True
Let s be (-3)/(-7) + (-2166)/(-42). Let a = -5 + s. Is a composite?
False
Let y(n) = n**3 - 2*n**2 - 4*n - 5. Let u be 6/(-10) - 34/10. Let g(i) = i + 8. Let k be g(u). Is y(k) prime?
True
Let d = -152 - -271. Is d a composite number?
True
Suppose l - 5*l + 4 = 0. Let s be l + 5/((-10)/(-4)). Is 49 + 0*s/(-6) composite?
True
Let u(h) = -99*h - 2. Is u(-1) a prime number?
True
Suppose 3*i = -3*m + 24, 20 = -m + 6*m. Let l be 0/(4/(i/(-2))). Suppose f - 3*f + 74 = l. Is f a prime number?
True
Suppose -9*y + 2053 = 46. Is y a prime number?
True
Suppose 2*p + 110 = 494. Suppose -p = -q + c, 2*q + c = 222 + 147. Is q prime?
False
Suppose -l + 5*l + 4132 = 0. Let x = l + 1794. Is x a prime number?
True
Is 106/1*(-10)/(-20) a composite number?
False
Let v = 7 - 5. Let o be (v - (-25)/1)*-9. Is o/(-5) - (-8)/20 a composite number?
True
Suppose -36 = -5*b + 34. Is ((-161)/b)/((-2)/76) a composite number?
True
Let r(j) = 3*j**2 + 4. Let k(p) = -4*p**2 - p - 5. Let f(z) = -5*k(z) - 6*r(z). Is f(4) prime?
True
Suppose -3*z = -138 - 1881. Is z a prime number?
True
Suppose 0*d + 2*j = 3*d - 20, -4*j = 2*d + 8. Suppose d*q = 2*q. Suppose q = 5*c - 2*c - w - 67, w = -c + 25. Is c a prime number?
True
Let j(l) = -39*l - 19. Is j(-8) a prime number?
True
Let f(p) = -p**3 - 5*p**2 - 7*p + 4. Let b(t) = 3*t - 3. Let i be b(-2). Is f(i) a prime number?
False
Suppose 0 = 2*p + y - 2634, 2*y + 3628 = 3*p - 323. Let q = p + -776. Let k = q + -290. Is k composite?
False
Is (-2)/11 - 4470/(-22) a prime number?
False
Let m(k) = 6*k**2 - 5*k + 0*k**2 - 4*k**2 + 4. Suppose -3*n = 4*d - 18, 0 = -2*d - 2*n - 2*n + 14. Is m(d) composite?
False
Let a = -305 + 479. Suppose -3*o + a = -o. Is o prime?
False
Let r = 2 + -5. Is 17*9/(r - -6) composite?
True
Is 1 + -1 + 826/7 a prime number?
False
Suppose 0*l + 24 = -4*l. Let m be l/(-21) - (-204)/21. Is ((-18)/15)/((-2)/m) a composite number?
True
Is 627/4 + 6/24 a composite number?
False
Let a be 3/(-4) + (-276)/16. Let i be 4/(-18) + 212/a. Is (726/i)/((-1)/2) a prime number?
False
Suppose 6*g - 102 - 408 = 0. Is g prime?
False
Let p be ((-12)/5)/((-12)/80). Is (-2)/8 - (-1812)/p a prime number?
True
Suppose 0 = 2*u + 6*u - 2024. Is u a composite number?
True
Let d = 462 + 445. Is d a prime number?
True
Let v be 0/(-1 + -3)*1. Suppose v = -5*a + 117 + 218. Is a a prime number?
True
Let n be -3 - (2 - 3) - -666. Suppose 4*l + n = 2292. Is l composite?
True
Suppose 4*l + 309 = 73. Let f = 32 - l. Is f a composite number?
True
Is 4/(-12)*3*-7901 a prime number?
True
Let o(b) = 14*b**3 - 3*b**2 + 6*b - 12. Is o(5) composite?
False
Let f(d) = -d**2 + d. Suppose -q + 0*q = 0. Let g be f(q). Is (135 + -1 + g)/2 composite?
False
Let i(p) = 3*p**2 + 8. Is i(-9) composite?
False
Let b(v) = 3639*v - 8. Is b(1) a composite number?
False
Suppose 0 = j + 5, -202 = 3*r - 2*j - 2573. Is r composite?
False
Let f = -246 + 396. Suppose -3*t + 2*t - f = 3*g, -105 = 2*g - t. Let q = g + 128. Is q composite?
True
Suppose 3*h + 12 = 7*h. Suppose -d + 0*d + h = 0. Suppose 4*s = s - 4*v + 65, 70 = d*s + 5*v. Is s composite?
True
Suppose 58 = -0*i + i. Is i a composite number?
True
Let o = 3 - -1. Suppose 3*t - 4 = -t + o*b, b + 19 = 4*t. Is ((-2)/(-3))/(t/747) a prime number?
True
Suppose -3*r + 648 = -0*r. Suppose u - 141 = 4*o, -4*u = 5*o + r - 738. Is u a prime number?
False
Let m(h) = 4*h**2 - 5*h. Let u be m(-9). Suppose -z - 4 = -2*p, 4*p + z - 4 = 5*z. Suppose -p*l + u = 3*x + 69, -2*x = -4*l - 182. Is x prime?
True
Let i = -694 + 1202. Suppose 3*v + 5*f = 97 + i, 1021 = 5*v + 2*f. Is v a composite number?
True
Is ((-1048)/20)/(2/(-5)) composite?
False
Suppose -5*h + 14 = x - 8*h, 2*x - 34 = 3*h. Let n be (-36)/x - (-2)/(-10). Is (n + 1)/(3/(-117)) prime?
False
Suppose 0 = -2*k + 11 - 1, 3*k - 204 = 3*p. Is p/18*(-74 - 0) composite?
True
Let z be 0 + (-3 + 9)/3. Suppose -300 = -2*d - z*a, -d - 2*a - 135 = -2*d. Is d composite?
True
Let l be (6/9)/(2/12). Suppose 4*y - l*v - 120 = 0, -2*v + 150 = 5*y - y. Is y prime?
False
Let q = 11 - 9. Suppose 6*i - q*i - 764 = 0. Is i prime?
True
Suppose -2*v - 5*d = -2377, -4*d = 4*v - d - 4789. Is v a prime number?
True
Suppose 0 = -7*q + 6*q + 996. Suppose 0 = 3*n - 142 - 242. Suppose 0 = 4*u + n - q. Is u a composite number?
True
Suppose k - 5*z - 941 = -2*k, -z + 303 = k. Is k a composite number?
False
Let d = 8 + -2. Suppose -d*q = -4*q - 42. Is q a composite